test common divisor of 1972 and 687764.
116
Calculate the highest common divisor of 7219115 and 1595.
145
What is the highest common factor of 150 and 1949775?
75
Calculate the highest common factor of 1380 and 10033612.
92
Calculate the greatest common divisor of 3317973 and 2013.
183
What is the greatest common factor of 944 and 301648?
16
What is the highest common divisor of 4244947 and 21?
7
What is the highest common divisor of 59643891 and 419850?
8397
What is the highest common factor of 51858 and 96750?
774
Calculate the greatest common divisor of 675605 and 89320.
35
What is the highest common factor of 577 and 512?
1
Calculate the greatest common divisor of 865198 and 1088.
34
What is the highest common factor of 534177560 and 1974?
658
What is the highest common factor of 540345 and 146455?
85
Calculate the highest common factor of 5021824 and 512.
128
What is the greatest common divisor of 658133 and 3589759?
631
What is the greatest common divisor of 65697 and 183?
183
Calculate the highest common factor of 50067809 and 44.
11
Calculate the greatest common factor of 4351051 and 13443.
4481
What is the highest common factor of 46100 and 32400?
100
What is the highest common factor of 4560780 and 210?
210
What is the greatest common factor of 380689 and 103039?
617
What is the highest common divisor of 55 and 384701592?
11
Calculate the highest common divisor of 360535 and 2135.
35
What is the highest common divisor of 70 and 7362418?
14
What is the greatest common factor of 121124806 and 66?
22
Calculate the greatest common divisor of 939 and 1619364657.
939
Calculate the highest common divisor of 1192 and 221232.
8
Calculate the greatest common divisor of 423500 and 9779.
77
What is the highest common factor of 2756972 and 2407?
29
Calculate the greatest common factor of 5928 and 10588890.
1482
Calculate the highest common factor of 11 and 9861881.
1
Calculate the highest common divisor of 118031 and 185129.
53
What is the greatest common divisor of 270 and 287770?
10
What is the highest common divisor of 116377416 and 3896?
3896
What is the greatest common factor of 5321 and 34459?
17
What is the greatest common factor of 1746912 and 2325?
93
Calculate the greatest common divisor of 43007247 and 171.
9
What is the greatest common divisor of 17219 and 4553526?
257
What is the highest common factor of 379142 and 66641?
647
Calculate the greatest common factor of 1116 and 446004378.
558
What is the highest common factor of 9768 and 4550568?
264
What is the highest common divisor of 314547590 and 140?
70
What is the highest common divisor of 617 and 115105052?
617
Calculate the highest common divisor of 2025072 and 4802.
686
Calculate the greatest common factor of 90945 and 8644005.
2115
What is the greatest common divisor of 3944 and 156802594?
986
What is the highest common divisor of 608076 and 8022?
42
Calculate the greatest common factor of 1290243452 and 652.
652
Calculate the greatest common factor of 17699 and 3223781.
11
What is the greatest common divisor of 3640 and 126455?
35
Calculate the highest common factor of 533 and 16458097.
41
Calculate the greatest common divisor of 23484 and 14208.
12
What is the greatest common divisor of 182228251 and 422?
211
Calculate the highest common divisor of 8095126 and 273.
13
What is the highest common divisor of 4 and 12757676?
4
What is the greatest common factor of 3865059 and 198?
99
Calculate the highest common divisor of 6800542 and 56.
14
Calculate the greatest common divisor of 129222135 and 2520.
315
What is the greatest common factor of 197294 and 11086?
46
What is the highest common divisor of 28585 and 69370?
5
What is the greatest common divisor of 131725 and 34375?
275
What is the highest common factor of 434800 and 4270823?
1087
Calculate the greatest common factor of 177 and 58938699.
177
What is the highest common divisor of 732535 and 29424?
613
What is the highest common factor of 6714453 and 549?
183
Calculate the highest common factor of 325 and 822055.
65
Calculate the greatest common divisor of 449 and 50855087.
449
Calculate the highest common divisor of 649807 and 664.
83
What is the greatest common factor of 6214710 and 9006?
114
Calculate the greatest common divisor of 620958 and 237939.
39
Calculate the greatest common factor of 4810582 and 11529.
427
Calculate the highest common factor of 758 and 3556385158.
758
What is the highest common factor of 3138369557 and 5197?
5197
Calculate the greatest common factor of 35782 and 687.
1
What is the greatest common factor of 625863594 and 1746?
582
Calculate the highest common factor of 443237080 and 440.
440
Calculate the highest common divisor of 1466 and 2033342.
1466
What is the highest common divisor of 39149 and 869?
11
Calculate the greatest common factor of 35633384 and 56931.
2711
What is the greatest common divisor of 3123590897 and 4046?
2023
Calculate the highest common factor of 17460 and 4198860.
180
What is the greatest common factor of 36855254 and 206?
206
Calculate the greatest common factor of 34927 and 805957.
659
What is the greatest common factor of 276133 and 1287?
143
What is the highest common divisor of 66693566 and 284?
142
What is the greatest common factor of 967928 and 50102?
1066
Calculate the highest common divisor of 32 and 71865184.
32
Calculate the highest common factor of 6700 and 2777300.
100
Calculate the greatest common factor of 2085 and 11450681.
139
What is the highest common divisor of 15 and 2689555110?
15
Calculate the greatest common factor of 8950 and 693650.
50
What is the highest common factor of 1698685 and 26245?
905
Calculate the greatest common factor of 1275 and 2905800.
75
What is the greatest common factor of 28954 and 804641?
467
Calculate the greatest common divisor of 1881 and 45809478.
99
What is the greatest common divisor of 94883257 and 56?
7
What is the greatest common divisor of 58 and 27105082?
58
Calculate the highest common factor of 8004 and 9532.
4
What is the highest common factor of 38948 and 885532?
428
What is the greatest common factor of 332 and 38259431?
83
Calculate the highest common factor of 12327 and 1608.
3
Calculate the greatest common divisor of 34891 and 133906.
943
Calculate the highest common divisor of 208081 and 373543.
2507
Calculate the highest common divisor of 23354413 and 697.
17
Calculate the greatest common factor of 30 and 649815.
15
Calculate the highest common factor of 21004 and 290516.
236
What is the highest common divisor of 2728 and 4919266?
682
Calculate the highest common factor of 432 and 209102256.
432
Calculate the highest common factor of 478380 and 846328.
476
Calculate the highest common divisor of 181941800 and 50.
50
What is the greatest common factor of 974618 and 360858?
274
What is the greatest common divisor of 15364 and 299932?
668
What is the greatest common divisor of 2743 and 361959?
13
What is the greatest common divisor of 79184644 and 2156?
308
Calculate the greatest common factor of 42 and 184390682.
14
What is the greatest common factor of 5688 and 57543363?
711
What is the highest common divisor of 19 and 635184763?
19
Calculate the highest common divisor of 415962732 and 629.
629
Calculate the highest common divisor of 7280396 and 1712376.
5596
What is the greatest common divisor of 3326 and 894?
2
What is the greatest common divisor of 7508631 and 78?
39
What is the greatest common factor of 1023321 and 3211?
247
What is the greatest common divisor of 116 and 112417166?
58
Calculate the highest common factor of 529506 and 4462.
46
What is the greatest common factor of 1018176 and 456?
24
Calculate the highest common divisor of 693 and 437443314.
231
Calculate the highest common divisor of 20493220 and 220.
220
Calculate the highest common factor of 1252 and 37756.
4
Calculate the highest common divisor of 981 and 48170043.
981
Calculate the highest common divisor of 2538 and 436806.
54
Calculate the highest common factor of 134 and 38723186.
134
What is the greatest common divisor of 13843925 and 25?
25
Calculate the highest common factor of 2702168 and 5256.
584
What is the highest common factor of 15584 and 209800574?
974
Calculate the highest common factor of 10230 and 102686